{"id":1327,"date":"2021-12-06T00:11:26","date_gmt":"2021-12-05T22:11:26","guid":{"rendered":"https:\/\/armaxgaz.ro\/?page_id=1327"},"modified":"2021-12-14T08:32:27","modified_gmt":"2021-12-14T06:32:27","slug":"istoric","status":"publish","type":"page","link":"https:\/\/armaxgaz.ro\/?page_id=1327","title":{"rendered":"Istoric"},"content":{"rendered":"<div id=\"pl-1327\"  class=\"panel-layout\" ><div id=\"pg-1327-0\"  class=\"panel-grid panel-no-style\" ><div id=\"pgc-1327-0-0\"  class=\"panel-grid-cell\" ><div id=\"panel-1327-0-0-0\" class=\"so-panel widget widget_media_image panel-first-child panel-last-child\" data-index=\"0\" ><img loading=\"lazy\" decoding=\"async\" width=\"250\" height=\"250\" src=\"https:\/\/armaxgaz.ro\/wp-content\/uploads\/2021\/12\/poza1.jpg\" class=\"image wp-image-1335  attachment-full size-full\" alt=\"\" style=\"max-width: 100%; height: auto;\" srcset=\"https:\/\/armaxgaz.ro\/wp-content\/uploads\/2021\/12\/poza1.jpg 250w, https:\/\/armaxgaz.ro\/wp-content\/uploads\/2021\/12\/poza1-150x150.jpg 150w, https:\/\/armaxgaz.ro\/wp-content\/uploads\/2021\/12\/poza1-100x100.jpg 100w\" sizes=\"auto, (max-width: 250px) 100vw, 250px\" \/><\/div><\/div><div id=\"pgc-1327-0-1\"  class=\"panel-grid-cell\" ><div id=\"panel-1327-0-1-0\" class=\"so-panel widget widget_media_image panel-first-child panel-last-child\" data-index=\"1\" ><img loading=\"lazy\" decoding=\"async\" width=\"250\" height=\"250\" src=\"https:\/\/armaxgaz.ro\/wp-content\/uploads\/2021\/12\/poza2.jpg\" class=\"image wp-image-1336  attachment-full size-full\" alt=\"\" style=\"max-width: 100%; height: auto;\" srcset=\"https:\/\/armaxgaz.ro\/wp-content\/uploads\/2021\/12\/poza2.jpg 250w, https:\/\/armaxgaz.ro\/wp-content\/uploads\/2021\/12\/poza2-150x150.jpg 150w, https:\/\/armaxgaz.ro\/wp-content\/uploads\/2021\/12\/poza2-100x100.jpg 100w\" sizes=\"auto, (max-width: 250px) 100vw, 250px\" \/><\/div><\/div><div id=\"pgc-1327-0-2\"  class=\"panel-grid-cell\" ><div id=\"panel-1327-0-2-0\" class=\"so-panel widget widget_media_image panel-first-child panel-last-child\" data-index=\"2\" ><img loading=\"lazy\" decoding=\"async\" width=\"250\" height=\"250\" src=\"https:\/\/armaxgaz.ro\/wp-content\/uploads\/2021\/12\/poza3.jpg\" class=\"image wp-image-1337  attachment-full size-full\" alt=\"\" style=\"max-width: 100%; height: auto;\" srcset=\"https:\/\/armaxgaz.ro\/wp-content\/uploads\/2021\/12\/poza3.jpg 250w, https:\/\/armaxgaz.ro\/wp-content\/uploads\/2021\/12\/poza3-150x150.jpg 150w, https:\/\/armaxgaz.ro\/wp-content\/uploads\/2021\/12\/poza3-100x100.jpg 100w\" sizes=\"auto, (max-width: 250px) 100vw, 250px\" \/><\/div><\/div><div id=\"pgc-1327-0-3\"  class=\"panel-grid-cell\" ><div id=\"panel-1327-0-3-0\" class=\"so-panel widget widget_media_image panel-first-child panel-last-child\" data-index=\"3\" ><img loading=\"lazy\" decoding=\"async\" width=\"250\" height=\"250\" src=\"https:\/\/armaxgaz.ro\/wp-content\/uploads\/2021\/12\/poza4.jpg\" class=\"image wp-image-1338  attachment-full size-full\" alt=\"\" style=\"max-width: 100%; height: auto;\" srcset=\"https:\/\/armaxgaz.ro\/wp-content\/uploads\/2021\/12\/poza4.jpg 250w, https:\/\/armaxgaz.ro\/wp-content\/uploads\/2021\/12\/poza4-150x150.jpg 150w, https:\/\/armaxgaz.ro\/wp-content\/uploads\/2021\/12\/poza4-100x100.jpg 100w\" sizes=\"auto, (max-width: 250px) 100vw, 250px\" \/><\/div><\/div><div id=\"pgc-1327-0-4\"  class=\"panel-grid-cell\" ><div id=\"panel-1327-0-4-0\" class=\"so-panel widget widget_media_image panel-first-child panel-last-child\" data-index=\"4\" ><img loading=\"lazy\" decoding=\"async\" width=\"250\" height=\"250\" src=\"https:\/\/armaxgaz.ro\/wp-content\/uploads\/2021\/12\/poza5.jpg\" class=\"image wp-image-1339  attachment-full size-full\" alt=\"\" style=\"max-width: 100%; height: auto;\" srcset=\"https:\/\/armaxgaz.ro\/wp-content\/uploads\/2021\/12\/poza5.jpg 250w, https:\/\/armaxgaz.ro\/wp-content\/uploads\/2021\/12\/poza5-150x150.jpg 150w, https:\/\/armaxgaz.ro\/wp-content\/uploads\/2021\/12\/poza5-100x100.jpg 100w\" sizes=\"auto, (max-width: 250px) 100vw, 250px\" \/><\/div><\/div><div id=\"pgc-1327-0-5\"  class=\"panel-grid-cell\" ><div id=\"panel-1327-0-5-0\" class=\"so-panel widget widget_media_image panel-first-child panel-last-child\" data-index=\"5\" ><img loading=\"lazy\" decoding=\"async\" width=\"250\" height=\"250\" src=\"https:\/\/armaxgaz.ro\/wp-content\/uploads\/2021\/12\/poza6.jpg\" class=\"image wp-image-1340  attachment-full size-full\" alt=\"\" style=\"max-width: 100%; height: auto;\" srcset=\"https:\/\/armaxgaz.ro\/wp-content\/uploads\/2021\/12\/poza6.jpg 250w, https:\/\/armaxgaz.ro\/wp-content\/uploads\/2021\/12\/poza6-150x150.jpg 150w, https:\/\/armaxgaz.ro\/wp-content\/uploads\/2021\/12\/poza6-100x100.jpg 100w\" sizes=\"auto, (max-width: 250px) 100vw, 250px\" \/><\/div><\/div><\/div><div id=\"pg-1327-1\"  class=\"panel-grid panel-no-style\" ><div id=\"pgc-1327-1-0\"  class=\"panel-grid-cell\" ><div id=\"panel-1327-1-0-0\" class=\"so-panel widget widget_text panel-first-child panel-last-child\" data-index=\"6\" ><h3 class=\"widget-title\"><span class=\"widget-title__inline\">Momente istorice importante<\/span><\/h3>\t\t\t<div class=\"textwidget\"><ul>\n<li><strong>1925<\/strong> Se \u00eenfiin\u021beaz\u0103 societatea &#8222;Sonametan-Media\u015f&#8221;, prin comasarea atelierelor mecanice care deserveau sondele de gaz.<\/li>\n<\/ul>\n<p>&nbsp;<\/p>\n<ul>\n<li><strong>1948 <\/strong>Denumirea societatii se schimba, devenind &#8222;Partizanii Pacii&#8221;<\/li>\n<\/ul>\n<p>&nbsp;<\/p>\n<ul>\n<li><strong>1958<\/strong> Societatea isi schimba din nou denumirea in &#8222;Atelierele Centrale pentru Gaz Metan&#8221;<\/li>\n<\/ul>\n<p>&nbsp;<\/p>\n<ul>\n<li><strong>1969<\/strong> Societatea trece in componenta Centralei Gazului Metan Medias sub numele de &#8222;Uzina Mecanica pentru Gaz Metan&#8221;<\/li>\n<\/ul>\n<p>&nbsp;<\/p>\n<ul>\n<li><strong>1970<\/strong> In urma celei mai devastatoare inundatii din istoria Mediasului, arhiva companiei a fost pierduta aproape in totalitate, odata cu ea si documente cu valoare istorica inestimabila.<\/li>\n<\/ul>\n<p>&nbsp;<\/p>\n<ul>\n<li><strong>1978<\/strong> Se inaugureaza noul sediu din str. Aurel Vlaicu nr. 35A, care va prelua activitatile administrative si in mare parte cele de productie.<\/li>\n<\/ul>\n<p>&nbsp;<\/p>\n<ul>\n<li><strong>1983<\/strong> Societatea capata personalitate juridica, devenind &#8222;Intreprinderea Mecanica pentru Gaz Metan&#8221;, fiind in continuare in subordinea Centralei Gazului Metan &#8211; Medias si a Ministerului Petrolului.<\/li>\n<\/ul>\n<p>&nbsp;<\/p>\n<ul>\n<li><strong>1991<\/strong> Intreprinderea a devenit Societatea pe Actiuni \u201eArmax Gaz\u201d, inregistrata la Registrul Comertului sub numarul J32\/127\/1991<\/li>\n<\/ul>\n<p>&nbsp;<\/p>\n<ul>\n<li><strong>2000 <\/strong>Armax Gaz devine societate cu capital privat integral. Se declanseaza un amplu proces de modernizare prin investitii masive in achizitia de echipamente, reamenajarea spatiilor pentru a raspunde nevoilor tehnologice si de personal. Scopul declarat al noii strategii este redobandirea statului de lider pe piata echipamentelor destinate industriei gazului si petrolului din Romania si patrunderea pe piata externa.<\/li>\n<\/ul>\n<p>&nbsp;<\/p>\n<ul>\n<li><strong>2001<\/strong> Se implementeaza sistemul de certificare a calitatii ISO 9001.<\/li>\n<\/ul>\n<p>&nbsp;<\/p>\n<ul>\n<li><strong>2004<\/strong> Se diversifica gama de produse prin introducerea unui nou produs: statii de uscare a gazelor, Armax Gaz fiind prima companie romaneasca si printre putinele din lume care ofera astfel de produse.<strong>\u00a0<\/strong>In aceeasi perioada compania incepe executia \u201elucrarilor la cheie\u201d, oferind servicii complete: proiectare, executie, montaj, punere in functiune si mentenanta.<\/li>\n<\/ul>\n<p>&nbsp;<\/p>\n<ul>\n<li><strong>2007 <\/strong>S-a marit activul cu o achizitie de mare importanta, un teren de peste 20000mp, achizitie realizata in vederea dezvoltarii sectorului de productie, cu hale industriale. Terenul se afla situat in imediata vecinatate a sediului principal al societatii, completand perimetrul sediului existent. Tot in aceasta perioada s-au realizat doua majorari de capital care au creat premisele unor investitii prin care societatea sa raspunda atat cerintelor tehnice impuse de Uniunea Europeana, cat si celor americane. Tot in anul 2007 Armax Gaz preia controlul in proportie de peste 80% a SC GazProiect SA Brasov, societate de proiectare consacrata si de traditie in Romania.<\/li>\n<\/ul>\n<p>&nbsp;<\/p>\n<ul>\n<li><strong>2008<\/strong> Prin realizarea unei hale complet moderne, dotata cu cele mai noi tehnici de productie s-a dublat capacitatea de productie a companiei.<\/li>\n<\/ul>\n<p>&nbsp;<\/p>\n<ul>\n<li><strong>2010<\/strong> Datorit\u0103 cre\u0219terii importan\u021bei companiei at\u00e2t pe pia\u021ba Rasdaq a Bursei Rom\u00e2n de M\u0103rfuri, c\u00e2t \u0219i ca parte a economiei rom\u00e2ne\u0219ti, cre\u0219te onstant. \u00cen consecin\u021b\u0103, Armax Gaz \u00eenfiin\u021beaz\u0103 un departament de Marketing \u0219i Comunicare \u00een cadrul Reprezentan\u021bei Bucure\u0219ti. \u00centr-o perioad\u0103 de criz\u0103 economic\u0103, compania reu\u0219e\u0219te nu doar s\u0103-\u0219i p\u0103streze angaja\u021bii, ci si s\u0103 angajeze oameni noi.<\/li>\n<\/ul>\n<p>&nbsp;<\/p>\n<ul>\n<li><strong>2013<\/strong> Ne extindem capacitatea de produc\u021bie, printr-o hal\u0103 complet nou\u0103, care se \u00eentinde pe mai mult de 3400 m2, construit\u0103 cu fonduri europene.<\/li>\n<\/ul>\n<p>&nbsp;<\/p>\n<ul>\n<li><strong>2014<\/strong> Intr\u0103m \u00eentr-un contract de propor\u021bii, pe 5 ani, cu OMV Petrom, \u00een parteneriat cu IREM Italia. Astfel ne lans\u0103m serviciile specializate de Gestionare a Activelor \u0219i Mentenan\u021b\u0103.<\/li>\n<\/ul>\n<p>&nbsp;<\/p>\n<ul>\n<li><strong>2015<\/strong> Prin deschiderea unui sediu \u00een Orientul Mijlociu, Armax Gaz face primul pas \u00een extinderea pe plan interna\u021bional.<\/li>\n<\/ul>\n<p>&nbsp;<\/p>\n<ul>\n<li><strong>2016<\/strong> Ne \u00eentoarcem la r\u0103d\u0103cinile industriei \u00een Rom\u00e2nia, \u00een primul punct de extrac\u021bie al t\u0103rii, la S\u0103rm\u0103\u0219el. Armax Gaz pune aici \u00een func\u021biune cea mai mare Sta\u021bie de Uscare de Gaze Naturale din Sud-Estul Europei, cu un debit total de 9.000.000 Nm3\/zi.<\/li>\n<\/ul>\n<p>&nbsp;<\/p>\n<ul>\n<li><strong>2017<\/strong> Societatea trece printr-o perioad\u0103 diferit\u0103, declarandu-se statutul de insolvent\u0103.<\/li>\n<\/ul>\n<p>&nbsp;<\/p>\n<ul>\n<li><strong>2018<\/strong> \u00cen urma declar\u0103rii statutului de insolven\u021b\u0103, pe parcursul acestui an, se aprob\u0103 un plan de reorganizare aplicabil pe o perioad\u0103 de 3 ani.<\/li>\n<\/ul>\n<p>&nbsp;<\/p>\n<ul>\n<li><strong>2021<\/strong> Definit ca fiind un an decisiv pentru companie, pachetul majoritar al acesteia este vandut la burs\u0103, societatea schimb\u00e2nd patronatul demar\u00e2ndu-se un proces de modernizare prin investi\u021bii necesare pentru relansarea pe pia\u021b\u0103 a produselor din aria de activitate.<\/li>\n<\/ul>\n<p>&nbsp;<\/p>\n<\/div>\n\t\t<\/div><\/div><\/div><\/div>","protected":false},"excerpt":{"rendered":"<p>1925 Se \u00eenfiin\u021beaz\u0103 societatea &#8222;Sonametan-Media\u015f&#8221;, prin comasarea atelierelor mecanice care deserveau sondele de gaz. &nbsp; 1948 Denumirea societatii se schimba, devenind &#8222;Partizanii Pacii&#8221; &nbsp; 1958 Societatea isi schimba din nou denumirea in &#8222;Atelierele Centrale pentru Gaz Metan&#8221; &nbsp; 1969 Societatea trece in componenta Centralei Gazului Metan Medias sub numele de &#8222;Uzina Mecanica pentru Gaz Metan&#8221; &hellip;<\/p>\n","protected":false},"author":1,"featured_media":0,"parent":0,"menu_order":0,"comment_status":"closed","ping_status":"closed","template":"","meta":{"footnotes":""},"class_list":["post-1327","page","type-page","status-publish","hentry"],"acf":[],"_links":{"self":[{"href":"https:\/\/armaxgaz.ro\/index.php?rest_route=\/wp\/v2\/pages\/1327","targetHints":{"allow":["GET"]}}],"collection":[{"href":"https:\/\/armaxgaz.ro\/index.php?rest_route=\/wp\/v2\/pages"}],"about":[{"href":"https:\/\/armaxgaz.ro\/index.php?rest_route=\/wp\/v2\/types\/page"}],"author":[{"embeddable":true,"href":"https:\/\/armaxgaz.ro\/index.php?rest_route=\/wp\/v2\/users\/1"}],"replies":[{"embeddable":true,"href":"https:\/\/armaxgaz.ro\/index.php?rest_route=%2Fwp%2Fv2%2Fcomments&post=1327"}],"version-history":[{"count":7,"href":"https:\/\/armaxgaz.ro\/index.php?rest_route=\/wp\/v2\/pages\/1327\/revisions"}],"predecessor-version":[{"id":1468,"href":"https:\/\/armaxgaz.ro\/index.php?rest_route=\/wp\/v2\/pages\/1327\/revisions\/1468"}],"wp:attachment":[{"href":"https:\/\/armaxgaz.ro\/index.php?rest_route=%2Fwp%2Fv2%2Fmedia&parent=1327"}],"curies":[{"name":"wp","href":"https:\/\/api.w.org\/{rel}","templated":true}]}}